base 12, what is 3 + 23382b?
233832
In base 3, what is -11210 - -20002120?
12220210
In base 12, what is -2 - 9a2?
-9a4
In base 7, what is -24061 - -5?
-24053
In base 14, what is -6d - 320?
-38d
In base 10, what is 32098 - -9?
32107
In base 13, what is 4 - 24538?
-24534
In base 7, what is 34 - -1321211?
1321245
In base 2, what is 11 - 1001010111011?
-1001010111000
In base 14, what is a9c5 + 7?
a9cc
In base 7, what is 101236 + -14?
101222
In base 4, what is -31031202 + 113?
-31031023
In base 6, what is -103 - -42404?
42301
In base 8, what is 171 + 6632?
7023
In base 5, what is -21 - -122221?
122200
In base 4, what is 210 - 20011?
-13201
In base 4, what is -11002232 - 23?
-11002321
In base 9, what is 1 + 321608?
321610
In base 5, what is 12144132 + 4?
12144141
In base 6, what is 230 - -5101?
5331
In base 9, what is 104 - -6711?
6815
In base 11, what is -3 - 2114?
-2117
In base 12, what is 203 + -1a34?
-1831
In base 3, what is -20220 + -10001?
-100221
In base 7, what is 11 - -1335?
1346
In base 7, what is -52 - 26614?
-26666
In base 16, what is 3 + 10dd5?
10dd8
In base 9, what is -14 + 255?
241
In base 16, what is 2d - -985c?
9889
In base 8, what is 1136 + 4?
1142
In base 5, what is 41043234 + 1?
41043240
In base 9, what is 16681 - -84?
16775
In base 16, what is cd9 + f?
ce8
In base 11, what is -497 - 28?
-514
In base 15, what is -1 - -be0d?
be0c
In base 14, what is -ccab - -2?
-cca9
In base 16, what is -1117 + 171?
-fa6
In base 8, what is -447 + -11?
-460
In base 16, what is -79 - -5c4d?
5bd4
In base 2, what is 1111001101110010 - 100?
1111001101101110
In base 9, what is -8 - -64007?
63888
In base 5, what is -114003 + 12211?
-101242
In base 8, what is -2 + -21442?
-21444
In base 13, what is 361c + 185?
37a4
In base 5, what is -2443020 + -10?
-2443030
In base 5, what is -3342 + 211?
-3131
In base 6, what is -1421541 - -10?
-1421531
In base 12, what is -2 - 6434?
-6436
In base 11, what is 63 + -644?
-591
In base 3, what is 11 + 12210201012?
12210201100
In base 13, what is -25c0 + 1?
-25bc
In base 13, what is -1a7ac + 2?
-1a7aa
In base 9, what is -51557 - 5?
-51563
In base 10, what is -1317 + -106?
-1423
In base 6, what is -1 - -2004423?
2004422
In base 2, what is -11100111111 - -11010101?
-11001101010
In base 2, what is -10110111 - 111011100?
-1010010011
In base 16, what is -3 + -1f814?
-1f817
In base 14, what is 5 - -2175?
217a
In base 6, what is -12330555 + 5?
-12330550
In base 8, what is -3337 - -25?
-3312
In base 6, what is -2130405 + 5?
-2130400
In base 2, what is -10 - 11110011011001?
-11110011011011
In base 6, what is 4151 - -13?
4204
In base 6, what is 1212 + -331?
441
In base 8, what is -156 + -10331?
-10507
In base 7, what is 31466 + -3?
31463
In base 3, what is 22 - 102211121012?
-102211120220
In base 7, what is 132 - -424?
556
In base 6, what is -13110 + -4411?
-21521
In base 13, what is 3977 - 7?
3970
In base 12, what is -41a6 - 1?
-41a7
In base 9, what is -103063 - 24?
-103087
In base 11, what is -116 - 157?
-272
In base 10, what is -162924 + -2?
-162926
In base 11, what is 2 + 459385?
459387
In base 10, what is 14 - -210?
224
In base 10, what is 305 + -34?
271
In base 4, what is -11 + -1003113110?
-1003113121
In base 14, what is -63 + 2bc8?
2b65
In base 10, what is 0 - 30617?
-30617
In base 14, what is -1240 - 29?
-1269
In base 11, what is -3 + 2a51?
2a49
In base 9, what is -15 + -265461?
-265476
In base 6, what is -334131 - 202?
-334333
In base 12, what is -a537 + -6?
-a541
In base 2, what is -100101100010111 - 1?
-100101100011000
In base 10, what is 1 + 1108038?
1108039
In base 16, what is 1ced - 2?
1ceb
In base 13, what is -1cb - 55a?
-758
In base 9, what is 14224 + 3?
14227
In base 6, what is 340 - 4334?
-3554
In base 7, what is 5 + 2353542?
2353550
In base 4, what is -12133300 + 221?
-12133013
In base 9, what is -133081 - -13?
-133067
In base 6, what is 4402243 + 2?
4402245
In base 7, what is -235332 - -5?
-235324
In base 4, what is -1233021 - 210?
-1233231
In base 6, what is 4 - -23304054?
23304102
In base 3, what is 20102212202001 + 12?
20102212202020
In base 8, what is -3 + 12353?
12350
In base 6, what is 31135 - -5?
31144
In base 2, what is 111111 - 101110100011111?
-101110011100000
In base 10, what is -2 + -1296751?
-1296753
In base 14, what is 7065 + 7?
706c
In base 3, what is -20121 + 102?
-20012
In base 15, what is -b9 - -28?
-91
In base 4, what is -11000033 - 0?
-11000033
In base 12, what is 177 + -10?
167
In base 12, what is 11 + 40124?
40135
In base 15, what is -5 + -d64?
-d69
In base 11, what is -3402073 + 0?
-3402073
In base 13, what is -4 + 10615?
10611
In base 6, what is -1220 + 555?
-221
In base 10, what is -2 - 206?
-208
In base 10, what is -26814 + 4?
-26810
In base 3, what is -11022212120120 + -11?
-11022212120201
In base 6, what is -110015510 + 1?
-110015505
In base 5, what is 404 - 42001?
-41042
In base 15, what is 23 - -4449?
446c
In base 9, what is -228 - 130?
-358
In base 3, what is 2222020 + -21110?
2200210
In base 8, what is -52 - 21026?
-21100
In base 6, what is -45334 + 1101?
-44233
In base 3, what is 21210111212 + 11?
21210112000
In base 7, what is -2 + 6515346?
6515344
In base 10, what is -3055 - -16?
-3039
In base 12, what is 7a8b1 - 5?
7a8a8
In base 5, what is 13 - -210104413?
210104431
In base 9, what is 3371 - -4?
3375
In base 16, what is -7fe1 - 6?
-7fe7
In base 8, what is 5067 - -245?
5334
In base 3, what is 11110012 + 212?
11111001
In base 16, what is -1 - 93ed?
-93ee
In base 4, what is -1010120 - 1200?
-1011320
In base 3, what is 12020122112121 - 0?
12020122112121
In base 9, what is 2 - -31538?
31541
In base 3, what is 2200 - 101122122?
-101112222
In base 14, what is 1c43 + 4a?
1c8d
In base 2, what is -100001111 + -100010?
-100110001
In base 9, what is -5856 - -5?
-5851
In base 7, what is -4564 - 33?
-4630
In base 6, what is 13401410 - 1?
13401405
In base 6, what is -1 - 4011230?
-4011231
In base 12, what is 0 - 91ba8?
-91ba8
In base 6, what is 104025455 + -2?
104025453
In base 14, what is b26db1 - 4?
b26dab
In base 12, what is -2397 + 8?
-238b
In base 14, what is 239ab - -9?
239b6
In base 11, what is -2 + 1611?
160a
In base 10, what is 523315 + 1?
523316
In base 6, what is -135412 - -40?
-135332
In base 4, what is 12001020 - 0?
12001020
In base 2, what is -10 - 1101111011110111?
-1101111011111001
In base 5, what is -42 - -401?
304
In base 3, what is -2220111 + 21210?
-2121201
In base 6, what is -34510453 - -2?
-34510451
In base 2, what is -10010 + 1100101010111?
1100101000101
In base 3, what is -10111021112 - 10?
-10111021122
In base 9, what is 628 + 1676?
2415
In base 14, what is 124b8 + -2?
124b6
In base 15, what is 7418 + -5?
7413
In base 2, what is 1000001 - 11001010110?
-11000010101
In base 6, what is 5 - -442052?
442101
In base 13, what is 432 + 11?
443
In base 8, what is -214 - -12163?
11747
In base 4, what is 120 - -32133?
32313
In base 2, what is -110111111000 + -11110110101?
-1010110101101
In base 15, what is 5 - -3157?
315c
In base 6, what is 31340344 + 1?
31340345
In base 5, what is 2434044 + 0?
2434044
In base 11, what is -5 + a91?
a87
In base 11, what is 1721a3 - -1a?
172212
In base 14, what is -59a8 - -1c?
-598a
In base 3, what is 0 + 2221220120122?
2221220120122
In base 10, what is -578 - -321?
-257
In base 11, what is 668 + -1822?
-1165
In base 2, what is 110011 + -1100011001011?
-1100010011000
In base 2, what is 100 + 111111011001?
111111011101
In base 8, what is 257 + -4?
253
In base 12, what is -216a9 + -64?
-21751
In base 7, what is -3 - 16266?
-16302
In base 8, what is 305372 - 3?
305367
In base 15, what is -2 - -866?
864
In base 8, what is 27 + 20362?
20411
In base 4, what is -10211 + -103330?
-120201
In base 12, what is 47a - 100?
37a
In base 7, what is 10336 + -1106?
6230
In base 9, what is 162 + -502?
-330
In base 13, what is -baab90 - -2?
-baab8b
In base 15, what is 0 - 11b57?
-11b57
In base 12, what is -b6b - 30?
-b9b
In base 3, what is 1110 + -2212?
-1102
In base 16, what is -180d - b?
-1818
In base 12, what is 4 + -3290a6?
-3290a2
In base 2, what is 100111110101000110010 - -101?
100111110101000110111
In base 16, what is -d3 + -8bc?
-98f
In base 4, what is -221010 - 2112?
-223122
In base 11, what is 10a241 + 4?
10a245
In base 8, what is 3 + 214274?
214277
In